second derivative of b**6/30 + b**5/120 + b**3/2 - 3*b. Let d(x) be the second derivative of c(x). Calculate d(s).
11
Let w(y) = -1 + 8*y + 3*y - 4*y - 3 - 6*y. Suppose n - 3 = 2*n - 5*s, -2*s + 66 = 5*n. Let o be 1/(-1)*n/2. Calculate w(o).
-10
Let b = 53 + -60. Let x be (32/24)/(2/3). Let g(t) = 2*t - 9*t + 285 - 289 - t**x. Calculate g(b).
-4
Suppose 45*q - 38*q = 63. Let b(c) = -1098 + q*c + 1097 + 0*c - c. Suppose 0 = -6*o + 3*o + 6. Give b(o).
15
Let i(m) be the third derivative of -m**8/6720 + m**7/315 - m**6/120 - m**5/30 - 5*m**4/24 - 59*m**2 - m. Let n(q) be the second derivative of i(q). Give n(6).
32
Let v(m) = -25*m - 17*m - 7*m**2 + 6*m**2 - 182. Let w be v(-37). Let n(y) = -y**3 + 4*y**2 - 4*y - 1. What is n(w)?
-4
Let t(y) = 4*y**2 + 2*y - 2. Let m be (-4 + (-80)/(-25))*-5 + -32. Let j be (-2 + 1)/((-14)/m). Calculate t(j).
10
Let w(z) = -z**3 + 14*z**2 + 19*z - 62. Suppose -171*i - 84 + 442 + 2207 = 0. Give w(i).
-2
Let t(u) = u - 1. Suppose -6 = -2*n - 2*w, 14 = 3*n + 4*w + 6. What is t(n)?
3
Let c(q) = -2*q + 56. Suppose -45*i + 20 = -47*i - 5*s, 3*i + 4 = -s. Determine c(i).
56
Let a(f) = f**3 - 14*f**2 + 18*f - 9. Let q(t) = t**3 - 14*t**2 + 19*t - 9. Let n(p) = 5*a(p) - 4*q(p). Suppose -115*l - 319 = -1814. What is n(l)?
4
Let i(z) be the second derivative of -1/2*z**2 + 0 - 5*z - 3/2*z**3. Let n(d) = d**3 + 10*d**2 - 22*d + 25. Let w be n(-12). What is i(w)?
-10
Let y(n) be the second derivative of -n**3/3 + 2*n**2 + n. Let t(z) = -3*z + 9. Let u = 157 + -164. Let i(s) = u*y(s) + 3*t(s). Determine i(2).
9
Let j(p) = -2*p**2 + 19*p + 4. Let m = -2031 + 2041. What is j(m)?
-6
Suppose 5*f - 2*v - 2 = -0*v, 2*v - 8 = 0. Let c(u) = 52 + u**2 + 56 + 0*u**2 - 107 - f*u. Calculate c(2).
1
Let w(p) = -p**2 - 1. Let o(m) = -m**2 + m - 4. Let j(h) = -o(h) + 4*w(h). Let r be -18*(-22)/4 - 7. Suppose -8*d - r = -76. Determine j(d).
-10
Let n(w) = 20*w + 3. Let y(t) = -t**3 + 8*t**2 + 9*t - 6. Let u be y(9). Let g(m) = -7*m - 1. Let a(x) = u*n(x) - 17*g(x). Let z = -82 + 76. Give a(z).
5
Let p be 112/84*(2/(-5) + (-205)/50). Let z(t) = -t**3 - 6*t**2 - 7*t - 32. Determine z(p).
10
Suppose 0 = -2*m + 6*v + 940 - 942, 5*m - 4*v - 28 = 0. Let y(d) be the first derivative of 3*d**2/2 - 6*d - 1. Calculate y(m).
18
Let r(x) be the third derivative of x**5/60 + x**4/8 - 5*x**3/3 + 628*x**2. What is r(-9)?
44
Let d(n) = -n + 9. Let i = -77 + 79. Suppose 40 + i = -6*l. Determine d(l).
16
Let w(d) = -2*d**3 + 140*d**2 - 130*d - 553. Let n be w(69). Let j(b) be the first derivative of 3*b**4/4 + 2*b**3/3 - b - 2. What is j(n)?
-2
Let m(h) = 8*h**2 - 1. Let n(o) = -o**3 - 26*o**2 - 6*o. Let j(i) = -4*m(i) - n(i). Calculate j(3).
-5
Let m(t) = -7*t + 83. Let p(l) = 25*l - 255. Let z(n) = 10*m(n) + 3*p(n). Determine z(-11).
10
Suppose -2*n + 2 = 12. Let t(v) be the second derivative of -v**3/3 + 5*v**2/2 - 6593*v. Determine t(n).
15
Let h = -39 - -12. Let l = h + 34. Let b(a) = a - 2*a**2 - 10*a**2 + l + 11*a**2 + 7*a. What is b(9)?
-2
Suppose 7*a = 5*x + 4*a + 3314, x + 3*a + 670 = 0. Let m be ((-9)/15)/1 - x/40. Let c be (-4)/(m/9) - (-4)/16. Let t(q) = 6*q - 1. Calculate t(c).
-13
Let t(v) = v - 3*v**2 + 5*v**2 - 5*v - v**2. Let d(j) = 14*j + 2. Let u be d(1). Suppose -34 = -10*o + u. Determine t(o).
5
Let v(r) = r**3 - r**2 - 9*r + 9. Let d be 2 - (5 - (-7 - -8)) - 14/(-2). Calculate v(d).
64
Suppose 3 = 5*q - 8*q. Let b = q - 2. Let r(d) = -4*d - 4*d**2 + 97 + 3*d**3 - d - 100 + d - 4*d**3. Give r(b).
0
Let y(x) be the second derivative of -x**6/720 - x**5/20 + 19*x**4/12 + 40*x. Let h(s) be the third derivative of y(s). Determine h(-6).
0
Suppose 4*i - 42 = 54. Let n = i + -20. Let g(v) = 6*v - 17. Let j(b) = 2*b - 6. Let x(w) = -4*g(w) + 11*j(w). Give x(n).
-6
Let n = -6603 + 6608. Let g(j) = 2 - 6*j**2 + 3*j**2 + j**3 - 6*j - j**2. Determine g(n).
-3
Let m(o) = -o**2 + 12*o + 48. Let b be m(15). Let v(y) = 0*y**2 - 3*y + 3*y**2 - 6 - 2*y**2 + b. Let j(s) = s + 6. Let x be j(0). Calculate v(x).
15
Let s = 2 - 0. Suppose -12 = -6*l + s*l. Let y(x) be the second derivative of x**3/6 - 15*x - 9. Calculate y(l).
3
Let n(s) = s**2 + 9*s + 1. Suppose 14*l = -11919 + 1839. Let k = -730 - l. Determine n(k).
11
Suppose -5*h = -c - 34, 4*h - 88 = 4*c - 48. Let j(v) = v**2 + 15*v + 52. What is j(c)?
8
Suppose -3*c = -4*t + 7, 5*t = 2 + 3. Let u = 232 + -187. Let o(i) = -13*i - 30*i + u*i. Calculate o(c).
-2
Let h = 23 - 21. Suppose 5*o - h = 4*o. Let n(c) = -c**3 - 5*c**2 + 7*c - 2. Let j(z) = -z**3 - 4*z**2 + 6*z - 2. Let s(a) = -7*j(a) + 6*n(a). Give s(o).
2
Let x(z) be the second derivative of z**4/12 + z**3/3 + z**2 - 4*z. Let k be 13 + (4 - 11) + -6 + -3. What is x(k)?
5
Let u(t) = -t + 13. Let f be 70/(-7)*((-90)/(-4))/9. Let n(s) = -4*s - 91. Let r be n(f). Calculate u(r).
4
Let j(x) = x**2 + 3*x - 3. Let n(l) = l**2 + 2*l + 1. Let u(f) = -6*f**2 - 6*f - 5. Let g(c) = 2*n(c) + u(c). Let h be g(-1). Calculate j(h).
7
Let t(i) = -11*i - 145. Let o be t(-18). Suppose -2*g = 3*f - 28 - 15, -4*g + o = 3*f. Let s(q) = -2*q + 24. What is s(f)?
2
Let g = -13 + 21. Let n(r) be the first derivative of -r**4/4 + 3*r**3 - 3*r**2 - 10*r + 4664. Give n(g).
6
Let x(j) be the third derivative of j**6/120 + 3*j**5/20 + j**4/12 - 2*j**3/3 + 7*j**2 + 97. Give x(-8).
44
Let i(q) be the third derivative of q**6/120 - q**5/4 + 13*q**4/24 - 7*q**3/6 + q**2. Let b = 273510 - 273496. Give i(b).
-21
Let i(b) = b**2 + 5*b - 124. Let h(c) = c**2 + 6*c - 145. Let w(t) = 5*h(t) - 6*i(t). What is w(-9)?
-62
Let j(p) = -3*p**3 + 26*p**2 - 18*p + 9. Suppose -8*z + 13*z = -40. Let a(s) = -s**3 + 9*s**2 - 6*s + 3. Let c(k) = z*a(k) + 3*j(k). What is c(5)?
-2
Let x(z) = 2*z - 21*z**2 - 347 - 338 + 3*z**3 + 671. Let i be x(7). Let g(s) = -2*s - 4. Calculate g(i).
-4
Let s(m) = -m**3 + 8*m**2 - 11*m - 4. Let l be s(6). Let b(g) be the first derivative of -g**4/4 - 2*g**3/3 - g**2/2 - g + 25. Calculate b(l).
-19
Suppose 2*y + 6 = u + u, 3*u - y - 13 = 0. Let v(w) = -2*w**2 + 7 + 7 - u*w - 15 + 4 + 3*w. Determine v(2).
-9
Suppose 0 = 19*s - 35 - 22. Let b(u) = -6*u - 3 + s*u - 7*u + 2*u. Determine b(-2).
13
Suppose -4*c + 21 = 5*q, -2*q = -3*c + 3*q + 7. Let i(h) = 10 + 15*h + 8*h + 16*h - 42*h. Determine i(c).
-2
Let j(c) = c**3 - 8*c**2 + 4*c + 17. Let s = 501 + -438. Let w = s - 56. Give j(w).
-4
Let m(s) be the second derivative of -s**4/4 - 67*s**3/6 + 5*s**2 + 2009*s + 2. Determine m(-23).
-36
Let n(x) = x**2 - 8*x + 14. Let o = -60 - -70. Suppose -2*g = 0, -3*b = -4*g - 8 - o. Calculate n(b).
2
Let x(m) be the second derivative of -m**5/20 - m**4 - 11*m**3/6 - 3*m**2 + m + 14. Suppose -4*g - 5*z - 54 = 0, -3*g - 46 = g + z. Determine x(g).
-6
Suppose -5*a - 3 = 17, -43 = -5*d - 3*a. Suppose 4*m = -4*j - 28, -3*m + d = -j - 4*j. Let q(p) = p**2 + p - 1. What is q(m)?
5
Let v(z) = -z + 4. Let d(f) = 2*f - 7. Let g = 129 + -124. Let n(o) = g*v(o) + 2*d(o). What is n(7)?
-1
Let r(f) be the third derivative of f**4/6 - 46*f**3/3 - f**2 - 16. Give r(21).
-8
Let j(i) = -5*i**3 + 16*i - 19*i + 0 - 39 + 3*i**2 + 16*i + 4*i**3. What is j(3)?
0
Let s(q) = -2*q - 16. Let i(d) = 521*d**2 + d + 1. Let n be i(-1). Let j = n - 526. Give s(j).
-6
Let s(b) = -b**2 - 1. Suppose -f + 210 = 4*f. Let c = -35 + f. Suppose -j + 11 = -4*k, -4*j = 3*k + 1 - c. Determine s(k).
-5
Let r(q) = q**3 + 14*q**2 - 2*q - 21. Let d be r(-14). Let w(o) be the first derivative of -o**2/2 + 5*o + 247. Give w(d).
-2
Let o(k) = -k - k + 3*k + 10 - 10. Let a(w) = -w**2 + 10*w + 4. Let f be a(10). Suppose -5*h = 21 + f. Determine o(h).
-5
Let m be (3 + 0)*(-5 + 49). Let v = m - 186. Let j = 62 + v. Let a(g) = -g**2 + 10*g - 11. What is a(j)?
5
Suppose -20*q - 216 = 27*q - 11*q. Let b(f) = 9*f + 33. Give b(q).
-21
Suppose -400 + 254 = 73*v. Let d(q) be the third derivative of q**4/6 + q**3/6 - q**2. What is d(v)?
-7
Let g be 3/(-165)*-155 + 4/22. Suppose w - b = -2, 3 + 3 = -g*w - 5*b. Let o(q) = 3*q**2 - q - 1. Determine o(w).
13
Let u(w) = w**2 + 5*w + 6. Let t = 87 + -91. Let x be u(t). Let c(z) = -7*z - 3*z**x - 7*z**2 + 0*z**2 + 1 + 9*z**2. Determine c(-5).
11
Let h be ((-2)/(-12))/((-2)/6)*-6. Let q(v) = v - 2*v**2 + 0*v - 4*v**2 + 1 + 7*v**2. Give q(h).
13
Suppose 2*b + 17 = -r, -2*b - b - 3 = -3*r. Suppose -